{"id":52,"date":"2024-01-03T21:44:27","date_gmt":"2024-01-03T21:44:27","guid":{"rendered":"https:\/\/www.zubnihrusovany.cz\/?page_id=52"},"modified":"2024-01-04T15:38:49","modified_gmt":"2024-01-04T15:38:49","slug":"kontakt","status":"publish","type":"page","link":"https:\/\/www.zubnihrusovany.cz\/?page_id=52","title":{"rendered":"Kontakt"},"content":{"rendered":"\n<p>Adresa:<\/p>\n\n\n\n<p>Zahradn\u00ed 230<br>Hru\u0161ovany nad Jevi\u0161ovkou<\/p>\n\n\n\n<p>Kde n\u00e1s najdete:<\/p>\n\n\n\n<pre class=\"wp-block-code\"><code>\n    <iframe src=\"https:\/\/www.google.com\/maps\/embed?pb=!1m18!1m12!1m3!1d928.6164116335387!2d16.40315042186042!3d48.82914581922208!2m3!1f0!2f0!3f0!3m2!1i1024!2i768!4f13.1!3m3!1m2!1s0x476d4ad974a18593%3A0x4173630696fa9587!2sZapletalov%C3%A1%20Eva%20MUDr.!5e0!3m2!1scs!2scz!4v1704380359376!5m2!1scs!2scz\" width=\"100%\" height=\"480\" style=\"border:0;\" allowfullscreen=\"\" loading=\"lazy\" referrerpolicy=\"no-referrer-when-downgrade\"><\/iframe>\n  <\/code><\/pre>\n","protected":false},"excerpt":{"rendered":"<p>Adresa: Zahradn\u00ed 230Hru\u0161ovany nad Jevi\u0161ovkou Kde n\u00e1s najdete:<\/p>\n","protected":false},"author":2,"featured_media":0,"parent":0,"menu_order":0,"comment_status":"closed","ping_status":"closed","template":"","meta":{"footnotes":""},"class_list":["post-52","page","type-page","status-publish","hentry"],"_links":{"self":[{"href":"https:\/\/www.zubnihrusovany.cz\/index.php?rest_route=\/wp\/v2\/pages\/52","targetHints":{"allow":["GET"]}}],"collection":[{"href":"https:\/\/www.zubnihrusovany.cz\/index.php?rest_route=\/wp\/v2\/pages"}],"about":[{"href":"https:\/\/www.zubnihrusovany.cz\/index.php?rest_route=\/wp\/v2\/types\/page"}],"author":[{"embeddable":true,"href":"https:\/\/www.zubnihrusovany.cz\/index.php?rest_route=\/wp\/v2\/users\/2"}],"replies":[{"embeddable":true,"href":"https:\/\/www.zubnihrusovany.cz\/index.php?rest_route=%2Fwp%2Fv2%2Fcomments&post=52"}],"version-history":[{"count":5,"href":"https:\/\/www.zubnihrusovany.cz\/index.php?rest_route=\/wp\/v2\/pages\/52\/revisions"}],"predecessor-version":[{"id":121,"href":"https:\/\/www.zubnihrusovany.cz\/index.php?rest_route=\/wp\/v2\/pages\/52\/revisions\/121"}],"wp:attachment":[{"href":"https:\/\/www.zubnihrusovany.cz\/index.php?rest_route=%2Fwp%2Fv2%2Fmedia&parent=52"}],"curies":[{"name":"wp","href":"https:\/\/api.w.org\/{rel}","templated":true}]}}